ctor of d and 370.
10
Let h(c) = c**2 - c. Let s be h(0). Suppose -r + 2*r - 40 = s. Suppose 69 - 19 = 5*q. What is the highest common factor of q and r?
10
Suppose -4*z = 3*m - 136, -4*z = m + 4 - 52. Calculate the greatest common factor of 22 and m.
22
Let w = 15 - 11. Let s(z) = -2*z - 8. Let n(i) = i**3 + 3*i**2 + 2*i. Let o be n(-3). Let l be s(o). Calculate the greatest common divisor of w and l.
4
Let x be 3*-1*-1*-2. Let v be (1/3)/((-2)/x). Let y be ((-10)/(-8))/(v/4). What is the greatest common divisor of y and 45?
5
Let x = -107 + 170. Let q = -6 + 48. Calculate the highest common divisor of q and x.
21
Let p = 18 - 12. What is the highest common divisor of 3 and p?
3
Let a be (4 - (-2 + 23))*-1. What is the highest common factor of 153 and a?
17
Let b be (-4)/18 + 20/9. Let i = 52 - 16. Suppose -p + i = b*p. What is the highest common factor of 96 and p?
12
Let j be 15*2/(-9)*-9. Suppose -3*m + 36 = -9. Calculate the highest common factor of j and m.
15
Let k = 6 + -8. Let b(r) = -5*r**3 - 4*r**2 - 3*r. Let g be b(k). Let i = 21 + -1. Calculate the highest common factor of g and i.
10
Suppose -3*u = -6*s + 2*s - 42, s = 3*u - 33. Let c be 163 - (-1 + u)/3. Calculate the greatest common divisor of 20 and c.
20
Suppose 24 = 2*z - 5*a, 3*z + 3 = -3*a - 3. Let x = 38 + -22. Suppose -x = -z*g - 2*g - 2*y, g - 2*y = 9. What is the highest common divisor of g and 25?
5
Let t(m) = -m**2 - m + 21. Let h be t(0). Suppose 0 = -0*i - i - h. Let x = -12 - i. What is the greatest common factor of 45 and x?
9
Let m(z) = -z**2 - 7*z + 7. Let k be m(-6). Suppose 5*p - 2*q + k = 31, -4*p - q = -17. Let r be 19*p/10*5. Calculate the greatest common factor of 19 and r.
19
Let p = 13 + -76. Let n = -45 - p. What is the highest common factor of n and 54?
18
Let w(i) = -i + 46. Let r be w(9). Calculate the greatest common factor of r and 296.
37
Suppose 0 = 4*c - c - 21. What is the highest common divisor of c and 21?
7
Suppose -4*f = -7*f + 456. Let y = f + -89. What is the greatest common divisor of y and 9?
9
Let a = -1 + 5. Suppose a*c = -7 - 5. Let r = 8 + c. What is the greatest common factor of r and 10?
5
Let r = 5 + -5. Let f = r + 2. Suppose -2*h + 22 = f. Calculate the greatest common factor of h and 15.
5
Let w = 41 - -11. Let u = -47 - -177. What is the greatest common divisor of u and w?
26
Let q be (-11)/4*(-61 + 1). Calculate the highest common divisor of q and 55.
55
Let s be (4/(-6))/(6/(-81)). Let t(y) = -4*y**3 + y**2 + 6*y - 5. Let i be t(5). Let j be (2/(-4))/(5/i). Calculate the greatest common factor of s and j.
9
Let j be 0 - -3 - (4 + -1). Let x = 4 + j. Calculate the greatest common divisor of x and 12.
4
Suppose -2*b + 125 = -3*b. Let y = b + 181. Suppose 0 = 5*q - 2*t - 80, -4*q - 3*t + 41 = -0*t. What is the highest common divisor of y and q?
14
Let w(r) = r**3 - 9*r**2 + 12*r - 24. Let m be w(8). Calculate the greatest common factor of 80 and m.
8
Suppose -4 - 1 = -5*a. Let s be (32/(-6))/(a/(-3)). Suppose 11 = 3*q - s. What is the greatest common divisor of q and 36?
9
Let w be 6/1 - (1 + 0). Suppose -g - 26 = -5*y - w*g, -4*g + 14 = -y. Let u be (6/(-9))/((-4)/6). Calculate the greatest common divisor of y and u.
1
Let l be (-1)/(-1) + (18 - 16). Suppose -l*h = -h - 36. What is the greatest common divisor of h and 45?
9
Suppose -5*x = 259 - 784. Let b = -33 + 48. Calculate the greatest common divisor of b and x.
15
Suppose -6*c = -2*c - 12. Let t(w) = -w**3 - 22*w**2 - 20*w + 39. Let m be t(-21). What is the highest common factor of c and m?
3
Suppose -2*m + 32 = -2*k + 10, -4*k - m = 34. Let w = 16 + k. What is the greatest common divisor of w and 63?
7
Let u(z) = -z**3 - 2*z**2 + z + 1. Let m be u(-2). Let a(p) = 131*p**2 + p. Let v be a(m). Calculate the highest common factor of 13 and v.
13
Let y = 0 + 4. Suppose -3*r - 2*j = 6 - 83, 0 = 2*r + y*j - 54. Calculate the highest common factor of r and 10.
5
Let r be ((-24)/(-14))/(4/70). Let f be 4/14 + (-423)/(-63). Let h = f + -1. What is the highest common factor of r and h?
6
Suppose 2*r - 4*a = 0, -3*r + 36 = -7*r - 4*a. Let v = r - -9. Suppose -3*o - 21 = -v*u, 5*u - o = -0*o + 43. What is the greatest common factor of u and 9?
9
Suppose 5*l + 18 - 198 = 0. Let u = 21 + 3. What is the greatest common factor of u and l?
12
Let v = 101 + -68. Suppose 0*a - 3*a = k - 17, -2*k = 5*a - v. Let n be -1*-14*(1 + 1). Calculate the highest common factor of k and n.
14
Suppose -a + 118 = a. Let b = -21 + a. Suppose b + 6 = 4*s. Calculate the highest common divisor of 88 and s.
11
Let x = 194 - 101. Calculate the greatest common divisor of 31 and x.
31
Let c(q) = -q**2 + 23*q - 30. Let z be c(18). Calculate the highest common divisor of z and 24.
12
Let q(z) be the first derivative of z**4/4 - 2*z**3 - z**2/2 + 2*z - 4. Let l be q(4). Let s = l - -50. What is the highest common divisor of 128 and s?
16
Let t(s) = s**3 - 7*s**2 + 7*s - 4. Let j be t(6). Let f(w) = w**2 + 9*w + 12. Let p be f(-10). Calculate the greatest common factor of p and j.
2
Suppose t = -t. Let g = t + -6. Let c = g - -15. Calculate the greatest common divisor of c and 3.
3
Let v = 14 - 7. Let d = 13 - v. Suppose 3*x = 3*j + 8 + 28, 0 = 5*x - 3*j - 54. Calculate the greatest common divisor of d and x.
3
Suppose -k + 6 = 3. Suppose 0 = k*y - 4*g + 2*g - 29, -4*g = 5*y - 41. Let a = -12 + 21. Calculate the greatest common factor of y and a.
9
Let g(d) = 5*d + 6. Let u be g(4). What is the greatest common divisor of u and 65?
13
Suppose 0 = -3*j - 0*j - 9. Let g(f) = 2*f - 3 + 14*f**2 + 0 - 3*f**2. Let b be g(j). Calculate the greatest common factor of b and 9.
9
Let x(b) = b**3 + 5*b**2 - 7*b + 6. Let i be x(-6). Let z = -4 - -4. Suppose z*m + 2*m = 216. What is the greatest common factor of i and m?
12
Let p be (-409)/(-6) - 1/6. What is the highest common factor of 17 and p?
17
Suppose 3*s + s = -5*i + 12, 4*i = 4*s + 24. Calculate the highest common divisor of 44 and i.
4
Let g(w) = 7*w - 7. Let r be ((-6)/10)/((-1)/10). Let s be g(r). Calculate the greatest common factor of s and 140.
35
Suppose 0 = 2*l - 64 + 16. Calculate the highest common divisor of l and 16.
8
Suppose -8 = 2*t, 10 = -3*p + 5*p - t. Suppose -3*w + 3 = -2*w, 534 = 5*f + p*w. Calculate the greatest common divisor of f and 15.
15
Suppose 36*s - 31*s = 20. What is the highest common factor of s and 28?
4
Let b be (-44)/6*(-99)/11. Calculate the greatest common divisor of b and 6.
6
Suppose -117 + 41 = -4*i. Calculate the highest common divisor of 171 and i.
19
Let n(b) = 12*b - 9. Let s be n(6). Suppose -s = -4*w + 3*w. Calculate the greatest common divisor of w and 42.
21
Suppose -j + 56 = 4*w + 13, 32 = w - 4*j. Let v be (-66)/(-8) - (-9)/w. Let i = 3 + v. What is the highest common factor of 3 and i?
3
Let w be 9 - 2 - 2*1. Let h(l) = l - 5 + w. Let r be h(2). Calculate the greatest common factor of r and 14.
2
Let l be 3*(1 - 0) + 114. Suppose 39 = 2*f - 79. Suppose -2*h = 2*z - 25 - 11, 3*z = -4*h + f. Calculate the greatest common factor of l and z.
13
Let l = -54 - -75. What is the greatest common factor of l and 7?
7
Let c be (73/(-3))/((-2)/6). Let j = c - 48. Calculate the highest common factor of j and 5.
5
Let t be (-49)/(-3) - 1/3. Calculate the highest common divisor of 24 and t.
8
Suppose -4*n = -2*n - 144. Calculate the greatest common divisor of 8 and n.
8
Suppose 0*l - 20 = l - 4*r, -3*r = -2*l - 30. Suppose -5*h = 4*p - 304, h = -4*p + 2*h + 304. Let t = p - l. Calculate the greatest common divisor of t and 8.
8
Let k be -3 + (-1)/4 + 370/8. What is the greatest common divisor of k and 129?
43
Let x be 2/(-8) + 65/4. Suppose y = -3*z + 131, -3*y + 383 = -0*y - z. Calculate the highest common factor of y and x.
16
Suppose 5*a - 685 = -5*l, -l + 9*a - 5*a + 152 = 0. Calculate the greatest common factor of l and 40.
20
Let q(k) = k**3 + 12*k**2 - k - 2. Let a be q(-12). Calculate the greatest common factor of a and 110.
10
Suppose -4*v = -0*h + 2*h + 6, -4*v = 12. Suppose -3*x + 2*x + 2*m = -10, 5*x = h*m + 64. Calculate the highest common divisor of x and 70.
14
Suppose 14*p = 21*p - 378. What is the greatest common factor of 6 and p?
6
Suppose 18 = 4*b + 6. Let n be (-1)/b + (-260)/(-6). Suppose 2*c = 4*f - 88, -4